undreds digit of b?
3
Suppose d - 3*d = 70. Let i = d + 54. What is the tens digit of i?
1
Let y(d) = d**2 - 12*d + 1. Let v be y(6). Let s = 49 + v. What is the tens digit of s?
1
What is the units digit of (-84)/(-36)*(1 - -8)?
1
Let i(c) = c**3 + 4*c**2 + 2*c. Let k be i(-2). What is the tens digit of (-572)/(-16) - 3/k?
3
Suppose -3*a + 40 = -2*a. What is the units digit of a?
0
Suppose 1032 = 7*u - 382. What is the hundreds digit of u?
2
Let b(s) = s**3 - 5*s**2 - 4*s - 4. Let l be b(6). Suppose -r + l = 4. What is the units digit of r?
4
What is the units digit of 2/(-6) - 79/(-3)?
6
Let l = -19 + 84. What is the tens digit of l?
6
Let m be ((-6)/8)/(1/4). Let p = m + 13. What is the units digit of p?
0
Let h(p) = p**3 + 6*p**2 + 6*p + 7. Let c be h(-5). Suppose -c*b = 2 - 70. Suppose 4*g = -0*g + 2*n + b, -3*n - 3 = 2*g. What is the units digit of g?
6
Suppose -r - 28 = -2*r. What is the tens digit of r?
2
Suppose 4*r - 10 - 6 = 0. Let z = 1 + r. Suppose 3*h = -p + 4*h, z*p = 2*h + 6. What is the units digit of p?
2
Let g = 0 + 20. What is the tens digit of g?
2
Suppose 4*q - 3*q - 9 = 0. Suppose -q - 3 = -2*r. Suppose -2*d = 4*j, 0 = j + j + r. What is the units digit of d?
6
Let s = -15 + 11. Let i = -14 + 5. Let z = s - i. What is the units digit of z?
5
Let k(s) = -6*s - 5. What is the units digit of k(-4)?
9
Suppose -5*q = -q + 8. Let m = q - 0. Let s(l) = -l**3 - 2*l**2 - 4*l - 3. What is the units digit of s(m)?
5
Let i = -4 - -14. What is the tens digit of i?
1
Suppose 2*d - 27 = -3*v, -2*d + 3*v + 9 = 2*d. Suppose 0 = -d*z - 0*z + 222. What is the units digit of z?
7
Let s be (-6)/(-4) - (-9)/6. Let u(o) = 2*o**2 - 4*o - 1. Let r be u(s). Suppose r*x = -2 + 57. What is the tens digit of x?
1
What is the units digit of (180/105)/((-2)/(-77))?
6
Suppose 9*m + 6*m = 3780. What is the hundreds digit of m?
2
Let h = -28 - -41. What is the tens digit of h?
1
Let q be 1/(-3) + 30/9. Let p = q - -3. What is the units digit of p?
6
Let b(h) = 15*h**3 + h**2 + h - 1. What is the units digit of b(1)?
6
Let n(t) = -t**3 - 3*t**2 - 3*t. Let j be n(-2). What is the units digit of -4 + 5 + (4 - j)?
3
Let y = 26 + -16. Let s = y + -5. What is the units digit of s?
5
Suppose 2*w - 8 + 0 = 0. Suppose -2*s + 4*s - w = 0. What is the units digit of s?
2
Suppose -4*w = -5*r + 18, 3*w = -r - 8 - 15. Let i(j) = -j - 6. Let g(m) = -3*m - 19. Let t(h) = -6*g(h) + 17*i(h). What is the units digit of t(w)?
5
Suppose -2*i + 3*f + 113 = 0, -3*i - 3*f + 93 = -99. What is the tens digit of i?
6
Let g = -82 + 151. What is the tens digit of g?
6
Let c = 5 - 2. Let f be 0 + 28 + 6/c. Suppose 2*j + 2*j - l - f = 0, 5*l + 10 = 0. What is the units digit of j?
7
What is the tens digit of -1 + 17 + (0 - (1 + 2))?
1
Suppose 0 = -0*p + 2*p - x - 382, -5*p - x + 962 = 0. What is the hundreds digit of p?
1
Let d(s) = 3*s**2 - 9*s + 10. What is the units digit of d(-5)?
0
Let d(h) = h**3 + 7*h**2 + 4*h - 5. What is the tens digit of d(-4)?
2
Let f(b) = -4*b**3 - b**2 - b + 2. Let o be f(-2). Suppose -v = 3*v - o. What is the units digit of v?
8
Let b(z) = 2*z**3 - 2*z - 1. What is the tens digit of b(4)?
1
Let y = -567 - -904. What is the tens digit of y?
3
Suppose 0 = -x + 4*l + 2, 2*x = -3*l - 7. Let t be 6/(-3)*-1 - x. Suppose -7 = -t*p - 3. What is the units digit of p?
1
Let a = 17 + -7. Let w = 4 - a. What is the units digit of (-4)/(-6) + (-44)/w?
8
Let v = 41 - 8. What is the tens digit of v?
3
Let p be 6/(-27) + 173/9. Suppose 3*n + j = 2*n + p, -23 = -n - 2*j. What is the tens digit of n?
1
Suppose 3*f = 2*f + 3. Let w = 22 + f. What is the units digit of w?
5
Let n = -13 + 25. Let d(m) = m**2 - 8*m - 22. What is the units digit of d(n)?
6
Let j(i) be the third derivative of i**4/24 - i**3/6 + 2*i**2. What is the units digit of j(7)?
6
Suppose 0 = 5*l + 2*u - 73, 5*u = -3*l - 2*l + 85. What is the tens digit of l?
1
Let q be 4/10 - (-8)/5. Suppose 6 + 4 = q*u. Suppose 10 = u*w + 2*a, 3*w - 5 = 2*a + 1. What is the units digit of w?
2
Let x be (2 + -1 + -2)*2. Let a = 11 + x. What is the units digit of a?
9
Let y = -5 - -5. Suppose 2*k - b - 29 = -y*b, -5*b = 5. What is the units digit of k?
4
Suppose m - 2*z = -z + 7, -z = 3*m - 13. Suppose m*f = -5*a + 95, 5*f + 18 = 2*a + 3*f. What is the units digit of a?
4
Let s(k) = -k**3 - 7*k**2 + 12. What is the units digit of s(-8)?
6
Let j = 4 - 9. Let k = -2 - j. Suppose -2*t - 3 = k*i - 4, 0 = -3*t - 3. What is the units digit of i?
1
Suppose -1 = -s + 1. Let i(v) = 2*v**3 - v**2 + v - 2. What is the tens digit of i(s)?
1
Suppose -x = -2*x + 19. What is the units digit of x?
9
Let x(d) be the third derivative of d**6/120 - 7*d**5/60 - 5*d**4/24 - 3*d**3/2 - d**2. Let t be (-12)/102 - 276/(-34). What is the tens digit of x(t)?
1
Let r(m) = -m**3 - 10*m**2 - 4*m - 3. Let k(p) = -3*p + 11. Let u be k(7). What is the tens digit of r(u)?
3
What is the units digit of (-150)/3*(-2 - 0)?
0
Suppose 0 = -3*m + 4*t + 28, -2*m - 3*t - 1 - 3 = 0. Suppose 4*i - 108 + 18 = -3*j, -j + 86 = m*i. What is the units digit of (-88)/(-14) - 6/i?
6
Let h = 92 - 53. What is the units digit of h?
9
Suppose -j - 2*s + 36 = 0, -2*j = -0*s - s - 47. What is the units digit of j?
6
Let b = 141 + -60. What is the units digit of b?
1
Suppose 0*z - 56 = -z. Suppose 3*s + 2*x - 4*x - 62 = 0, z = 2*s - 5*x. What is the units digit of s?
8
Let s be (4 - 4) + 22/(-2). Let c = s - -32. What is the units digit of c?
1
Let o = 20 + 8. What is the tens digit of o?
2
Let a(m) be the first derivative of m**2 - 2. Let u be a(2). Suppose u*w - 28 - 8 = 0. What is the units digit of w?
9
What is the hundreds digit of -1 + 1 - (-945)/7?
1
Let n = -32 + 14. Let i = n - -29. What is the tens digit of i?
1
Let q(p) = -2*p - 6. Let j(b) = 3*b + 2. Let y be j(-2). What is the units digit of q(y)?
2
What is the units digit of (-15)/((-18)/52 + (-26)/169)?
0
Suppose -5 = -q - 3. Suppose -s + 2*s = q. What is the units digit of s?
2
Let a be (-1)/4 - (-51)/12. Suppose 2*p = a + 4. Suppose -p*o + 2 + 6 = 0. What is the units digit of o?
2
Let n be (-1)/(-3) - (-28)/6. Suppose -n*j + 3 = -4*o, -j - 12 = -4*j - o. What is the units digit of j?
3
Let p(o) = 0*o - 4 - 2*o + o. Let b be -5 + 7 + (-9)/1. What is the units digit of p(b)?
3
Let s = -113 + 179. What is the units digit of s?
6
Let y be 7/((1/(-1))/(-13)). Suppose 10 - y = -3*a. Suppose 2*g - 3*r - 18 = 0, -3*g = -0*g + 2*r - a. What is the units digit of g?
9
Let h(w) = -2*w**3 - 2*w**2 - 4*w - 2. What is the tens digit of h(-2)?
1
Let d = 65 - 43. Suppose 0*p = 2*p - d. What is the units digit of p?
1
Let l = 4 - -1. Suppose l*i - 4*y - 10 = 0, 5*y - 1 = 2*i + 2*i. What is the units digit of i?
6
Suppose -3*h = 2*h + 4*a - 106, 3*a - 107 = -5*h. What is the tens digit of h?
2
Let f(j) be the second derivative of -j**5/20 - j**4/3 + 3*j**2/2 - 2*j. What is the units digit of f(-4)?
3
Suppose 2*f + 26 = 4*f. Suppose 0 = k - f - 28. What is the tens digit of k?
4
Suppose 5*a = a + 152. What is the units digit of a?
8
Let b(k) = k**2 - 2*k - 4. Let c be b(4). Suppose 2*d - c*d = -26. What is the units digit of d?
3
Let o = 17 + -10. Let m = 20 - o. Suppose 2*n + 5*w - 4 = n, 2*n + 5*w - m = 0. What is the units digit of n?
9
Suppose 0 = -2*u + 342 - 24. What is the hundreds digit of u?
1
Suppose 273 = -0*m + 3*m. Suppose -z + 5*n - m = -4*z, -5*z - 3*n = -157. What is the units digit of z?
2
Suppose 26 = 2*b - 18. Suppose 4 = -3*h + b. What is the units digit of h?
6
Let j = 9 + -8. Let t be (2 + j)/(-3) + -1. What is the units digit of ((-24)/(-14))/(t/(-14))?
2
Let w be 0 + 2 + 1/(-1). Let s(k) = -3*k**2 + 14*k**3 + 6*k**2 - 2*k**2 - 1. What is the tens digit of s(w)?
1
Let f be (42/(-7))/(2/(-41)). What is the units digit of ((-6)/(-9))/(2/f)?
1
Suppose 71 = 5*m - 134. What is the tens digit of m?
4
Let z(m) = 24*m**2 + m. Let n be z(-2). Suppose 0 = -2*h + 2*p + 3 + 43, -n = -5*h - 2*p. What is the units digit of h?
0
Suppose 11*r - 6*r + 16 = -3*k, 0 = -r + 2*k - 11. What is the units digit of (6 - 0) + 10/r?
4
Let z(w) = 2*w**2 - 5*w + 3 + 2*w**2 - 1 - 3*w**2. Let g be z(5). Suppose 6*f - g*f - 48 = 0. What is the units digit of f?
2
Let u(c) = -3*c**2 - 5*c - 4. Let n be u(-2). Let z be (-1 - -3)/(-2)*-